 -10111 (base 2) to base 15.
-18
Convert 1 (base 12) to base 16.
1
Convert 2 (base 13) to base 7.
2
What is -3 (base 6) in base 16?
-3
What is d (base 14) in base 3?
111
What is -114 (base 11) in base 5?
-1021
Convert 69 (base 12) to base 8.
121
Convert -1 (base 12) to base 13.
-1
Convert -1a (base 15) to base 4.
-121
Convert 57 (base 16) to base 14.
63
-4 (base 9) to base 12
-4
9 (base 16) to base 3
100
What is 8 (base 9) in base 11?
8
-44 (base 13) to base 4
-320
Convert 7 (base 11) to base 14.
7
Convert -3 (base 8) to base 12.
-3
11 (base 4) to base 16
5
Convert 5 (base 10) to base 6.
5
-23 (base 5) to base 10
-13
What is 1 (base 10) in base 16?
1
11 (base 10) to base 16
b
What is 4 (base 7) in base 15?
4
Convert 1f (base 16) to base 9.
34
65 (base 8) to base 10
53
14 (base 6) to base 10
10
Convert -14 (base 10) to base 2.
-1110
What is c (base 15) in base 12?
10
Convert -30 (base 6) to base 2.
-10010
Convert b (base 12) to base 8.
13
Convert 23 (base 16) to base 15.
25
What is 1 (base 6) in base 4?
1
What is -5 (base 13) in base 6?
-5
What is 122 (base 6) in base 7?
101
Convert 220 (base 9) to base 7.
345
What is -20 (base 8) in base 6?
-24
75 (base 8) to base 7
115
What is -1 (base 16) in base 6?
-1
What is -3 (base 8) in base 5?
-3
Convert 3 (base 4) to base 2.
11
What is -24 (base 6) in base 11?
-15
What is -24 (base 14) in base 13?
-26
What is -17 (base 14) in base 12?
-19
Convert -9 (base 10) to base 12.
-9
231 (base 4) to base 10
45
What is -234 (base 10) in base 13?
-150
Convert -38 (base 13) to base 2.
-101111
What is 65 (base 12) in base 6?
205
What is 1 (base 8) in base 9?
1
What is 56 (base 12) in base 10?
66
18 (base 11) to base 2
10011
What is 7 (base 16) in base 14?
7
Convert 4 (base 5) to base 3.
11
Convert -1a (base 14) to base 11.
-22
Convert -6 (base 13) to base 12.
-6
Convert -50 (base 13) to base 5.
-230
Convert -5 (base 13) to base 2.
-101
Convert 6 (base 9) to base 3.
20
What is -23 (base 5) in base 12?
-11
8 (base 12) to base 5
13
What is 8 (base 14) in base 13?
8
12 (base 10) to base 7
15
What is -2 (base 13) in base 7?
-2
Convert -b (base 15) to base 11.
-10
Convert -1 (base 11) to base 14.
-1
What is -3 (base 13) in base 10?
-3
-10 (base 9) to base 4
-21
Convert 22 (base 7) to base 3.
121
-b5 (base 15) to base 4
-2222
-136 (base 7) to base 8
-114
Convert -24 (base 10) to base 12.
-20
Convert -1011 (base 2) to base 5.
-21
Convert -416 (base 7) to base 11.
-180
Convert -410 (base 5) to base 3.
-10220
2 (base 15) to base 2
10
Convert -2 (base 16) to base 5.
-2
Convert 14 (base 7) to base 16.
b
What is 2 (base 5) in base 13?
2
113 (base 4) to base 5
43
Convert 30 (base 8) to base 4.
120
Convert -6 (base 12) to base 10.
-6
What is -19 (base 10) in base 4?
-103
-119 (base 12) to base 3
-20010
-13 (base 7) to base 6
-14
What is 0 (base 2) in base 8?
0
-12 (base 9) to base 6
-15
What is 1441 (base 5) in base 7?
501
102 (base 6) to base 14
2a
12 (base 3) to base 12
5
-2 (base 10) to base 5
-2
What is 3 (base 5) in base 9?
3
-12 (base 4) to base 11
-6
-8 (base 12) to base 11
-8
Convert -206 (base 8) to base 13.
-a4
What is -311 (base 4) in base 10?
-53
Convert 5 (base 13) to base 4.
11
4 (base 8) to base 14
4
-3 (base 12) to base 8
-3
62 (base 15) to base 10
92
11 (base 3) to base 15
4
Convert 4 (base 7) to base 10.
4
Convert 1010100 (base 2) to base 9.
103
-22 (base 8) to base 4
-102
Convert -16 (base 12) to base 8.
-22
What is 42 (base 10) in base 14?
30
What is -2 (base 9) in base 6?
-2
What is 121 (base 4) in base 12?
21
Convert 2 (base 5) to base 9.
2
Convert -1 (base 3) to base 12.
-1
What is 6 (base 7) in base 10?
6
2231 (base 4) to base 11
148
Convert -70 (base 10) to base 11.
-64
What is -304 (base 7) in base 15?
-a1
7 (base 8) to base 11
7
-66 (base 7) to base 16
-30
What is -35 (base 9) in base 16?
-20
9 (base 16) to base 15
9
25 (base 11) to base 4
123
-100 (base 2) to base 8
-4
-521 (base 7) to base 5
-2020
-3 (base 4) to base 14
-3
1001 (base 2) to base 13
9
154 (base 8) to base 11
99
Convert -1 (base 9) to base 2.
-1
Convert a (base 16) to base 2.
1010
-17 (base 12) to base 6
-31
What is -3 (base 14) in base 4?
-3
What is -11001011 (base 2) in base 8?
-313
3 (base 15) to base 16
3
Convert -7 (base 9) to base 13.
-7
What is 0 (base 2) in base 11?
0
Convert 0 (base 11) to base 4.
0
Convert -83 (base 15) to base 14.
-8b
Convert 1 (base 2) to base 8.
1
What is 1 (base 6) in base 15?
1
Convert 10 (base 4) to base 15.
4
144 (base 13) to base 11
195
What is 1000 (base 5) in base 14?
8d
-65 (base 9) to base 16
-3b
6 (base 8) to base 11
6
What is -19 (base 16) in base 9?
-27
-81 (base 9) to base 5
-243
11 (base 2) to base 15
3
What is 4 (base 5) in base 15?
4
-1 (base 4) to base 9
-1
What is 13 (base 4) in base 14?
7
Convert f (base 16) to base 2.
1111
-1 (base 16) to base 12
-1
121 (base 3) to base 10
16
-115 (base 6) to base 2
-101111
Convert -141 (base 8) to base 16.
-61
Convert -4 (base 12) to base 13.
-4
Convert 35 (base 7) to base 3.
222
What is 287 (base 10) in base 13?
191
Convert -253 (base 7) to base 16.
-88
What is -3 (base 7) in base 12?
-3
Convert -6 (base 14) to base 16.
-6
What is -21 (base 6) in base 2?
-1101
Convert -2 (base 5) to base 12.
-2
4 (base 12) to base 10
4
What is -22 (base 4) in base 14?
-a
11111110 (base 2) to base 12
192
Convert -11 (base 2) to base 13.
-3
Convert 3 (base 16) to base 10.
3
Convert 115 (base 7) to base 9.
67
What is 1010101 (base 2) in base 6?
221
-6 (base 14) to base 7
-6
What is 20222 (base 3) in base 16?
bc
Convert 11222 (base 4) to base 9.
442
Convert -15 (base 13) to base 4.
-102
-10101000 (base 2) to base 4
-2220
Convert 1 (base 8) to base 3.
1
Convert 24 (base 15) to base 12.
2a
-121 (base 3) to base 7
-22
3 (base 10) to base 9
3
11 (base 2) to base 11
3
Convert -b (base 14) to base 4.
-23
461 (base 7) to base 16
ef
Convert 13 (base 13) to base 3.
121
Convert -2a (base 16) to base 4.
-222
Convert -3 (base 8) to base 9.
-3
-a (base 12) to base 14
-a
What is 2031 (base 4) in base 3?
12020
-32 (base 8) to base 2
-11010
What is -128 (base 10) in base 4?
-2000
What is -100 (base 3) in base 16?
-9
-20 (base 3) to base 16
-6
Convert -2 (base 11) to base 8.
-2
What is -a (base 16) in base 9?
-11
What is 6 (base 13) in base 5?
11
-5 (base 7) to base 10
-5
Convert 71 (base 10) to base 8.
107
What is 4 (base 16) in base 8?
4
What is 30 (base 4) in base 11?
11
Convert 200 (base 3) to base 13.
15
Convert -37 (base 8) to base 14.
-23
2 (base 12) to base 13
2
-3 (base 8) to base 3
-10
Convert -10 (base 3) to base 12.
-3
Convert 10 (base 15) to base 16.
f
Convert -65 (base 13) to base 10.
-83
What is -4 (base 10) in base 15?
-4
-1 (base 7) to base 11
-1
Convert 15 (base 11) to base 2.
10000
Convert 3 (base 16) to base 15.
3
What is 1 (base 4) in base 5?
1
What is 30 (base 6) in base 15?
13
Convert -21010 (base 3) to base 9.
-233
Convert 100 (base 3) to base 10.
9
-60 (base 9) to base 13
-42
-115 (base 7) to base 6
-141
21 (base 15) to base 16
1f
What is 22 (base 5) in base 13?
c
Convert 1 (base 8) to base 6.
1
10110100 (base 2) to base 10
180
What is 156 (base 7) in base 16?
5a
Convert -38 (base 9) to base 13.
-29
What is 68 (base 14) in base 9?
112
Convert -2 (base 12) to base 9.
-2
3 (base 16) to base 9
3
What is 7a (base 13) in base 9?
122
What is 242 (base 5) in base 8?
110
-16 (base 11) to base 4
-101
36 (base 16) to base 5
204
What is 111 (base 2) in base 6?
11
-4 (base 15) to base 7
-4
Convert -34 (base 7) to base 13.
-1c
-1102 (base 3) to base 5
-123
What is 3 (base 10) in base 8?
3
What is 2 (base 7) in base 5?
2
Convert 2232 (base 4) to base 13.
105
112 (base 4) to base 14
18
What is -9 (base 15) in base 12?
-9
What is 1 (base 3) in base 12?
1
-1 (base 11) to base 9
-1
2d (base 16) to base 2
101101
-13 (base 5) to base 9
-8
What is 13 (base 6) in base 14?
9
What is 13 (base 8) in base 9?
12
What is -10 (base 5) in base 10?
-5
What is 0 (base 9) in base 3?
0
What is 5 (base 12) in base 11?
5
What is -35 (base 9) in base 5?
-112
322 (base 6) to base 12
a2
5 (base 8) to base 12
5
Convert -33 (base 4) to base 3.
-120
-150 (base 7) to base 5
-314
What is 6 (base 11) in base 16?
6
What is 4 (base 13) in base 10?
4
What is 0 (base 12) in base 11?
0
Convert 2 (base 11) to b